ase 11, what is 287a + 0?
287a
In base 13, what is 2 + -36?
-34
In base 12, what is 2 - 846?
-844
In base 11, what is -443 + -6?
-449
In base 13, what is 521 - 1?
520
In base 2, what is 100110 + -1?
100101
In base 13, what is c + -b?
1
In base 5, what is -4 - -104?
100
In base 2, what is -11001111 - 101?
-11010100
In base 13, what is 62 + -11?
51
In base 7, what is 0 - -152?
152
In base 8, what is 1 - -2241?
2242
In base 16, what is 3 - 41d?
-41a
In base 9, what is -2044 - -1?
-2043
In base 12, what is 8 + -13?
-7
In base 7, what is 13 + 6360?
6403
In base 15, what is b2 - -11?
c3
In base 5, what is -1302 + -20?
-1322
In base 3, what is 12 + 1221?
2010
In base 5, what is 10 - -3334?
3344
In base 13, what is -5 - -c?
7
In base 14, what is 8 + 18a?
194
In base 5, what is -43 - -221?
123
In base 3, what is -220021 + -22?
-220120
In base 13, what is 3 - 58?
-55
In base 5, what is -13 + 22023?
22010
In base 3, what is 12 + -10?
2
In base 5, what is -3 - -124?
121
In base 7, what is -23 + 250?
224
In base 16, what is -17d + d?
-170
In base 2, what is 1000011010 - -110?
1000100000
In base 5, what is -2244 - 3?
-2302
In base 12, what is 11943 + 3?
11946
In base 16, what is -57 + 14?
-43
In base 13, what is -3 - 62?
-65
In base 8, what is 12 - 4?
6
In base 14, what is 2c0 - -5?
2c5
In base 7, what is 12 - 2261?
-2246
In base 16, what is -1 - 338?
-339
In base 16, what is 383 + 9?
38c
In base 5, what is -32 + 20?
-12
In base 4, what is 3 + 100?
103
In base 7, what is 1404 - -5?
1412
In base 15, what is -29 + 45?
1b
In base 13, what is 14 - -169?
180
In base 4, what is 200120 + 10?
200130
In base 11, what is -42 - -4?
-39
In base 16, what is -c0 - -4?
-bc
In base 4, what is -2 + 301022?
301020
In base 4, what is 1123002 + 11?
1123013
In base 10, what is 65 - 32?
33
In base 4, what is 21 - -300210?
300231
In base 9, what is -540 + -3?
-543
In base 11, what is 5 + -7?
-2
In base 10, what is -4 + -2?
-6
In base 14, what is 2 - -2d?
31
In base 2, what is -11100010 + -1?
-11100011
In base 9, what is 0 - -3387?
3387
In base 4, what is -1 - 1213?
-1220
In base 4, what is -330122 - -10?
-330112
In base 6, what is 10305 - -3?
10312
In base 11, what is 4 - 13?
-a
In base 14, what is -50 + 5?
-49
In base 16, what is f4 - -1?
f5
In base 13, what is -a - b7?
-c4
In base 12, what is -4 - 797?
-79b
In base 3, what is -11 + 1022?
1011
In base 6, what is 5515 + -5?
5510
In base 16, what is -59 - -7?
-52
In base 3, what is -220221212 + 10?
-220221202
In base 6, what is -24 + 150?
122
In base 10, what is 6 - -187?
193
In base 16, what is -1 + c?
b
In base 10, what is 726 + 4?
730
In base 16, what is 750 - 3?
74d
In base 15, what is 1aa + -b?
19e
In base 3, what is -12 + 20121?
20102
In base 14, what is 43 - 4?
3d
In base 14, what is 1a8 - -8?
1b2
In base 13, what is -81 - -18?
-66
In base 13, what is -4 + 156a?
1566
In base 8, what is 4 - 117?
-113
In base 4, what is -23122 - -2?
-23120
In base 16, what is 4 + 1260?
1264
In base 11, what is -2 - 17?
-19
In base 13, what is 1 - -14?
15
In base 15, what is -7 - -208?
201
In base 12, what is -71 - b?
-80
In base 4, what is 2 - -2300?
2302
In base 9, what is 4654 - -1?
4655
In base 8, what is 3 - 56?
-53
In base 9, what is 2 - -322?
324
In base 9, what is 328 - 5?
323
In base 6, what is -5 - -12?
3
In base 9, what is 282 - 12?
270
In base 4, what is 11 + 3?
20
In base 7, what is -3 + 315?
312
In base 14, what is -7 - -5?
-2
In base 9, what is 1 + 33?
34
In base 15, what is -2c - 3?
-30
In base 4, what is -11 - -103202?
103131
In base 4, what is -130 - -101?
-23
In base 3, what is 12001220 - -12?
12002002
In base 2, what is 1100 - 100?
1000
In base 2, what is 11100 + 1110001?
10001101
In base 3, what is -1 - -1111?
1110
In base 16, what is 0 - -2b?
2b
In base 9, what is 15 - 18?
-3
In base 11, what is -3 + 992?
98a
In base 7, what is -2210 + -4?
-2214
In base 5, what is -3 - -14130?
14122
In base 15, what is 145 - -4?
149
In base 5, what is 1 - 4021?
-4020
In base 13, what is 1 - a2?
-a1
In base 2, what is -110 + -11000?
-11110
In base 5, what is -3 + 431?
423
In base 16, what is 179 - 3?
176
In base 13, what is 2 + 202?
204
In base 4, what is -10323 - -3?
-10320
In base 15, what is 0 + -36?
-36
In base 3, what is -200 - 221?
-1121
In base 14, what is -5 + 4a?
45
In base 12, what is 55 + -5?
50
In base 9, what is 76 + -5?
71
In base 6, what is 220 + -3?
213
In base 8, what is 54 - 22?
32
In base 3, what is -211220 - 1?
-211221
In base 10, what is -45 + -4?
-49
In base 12, what is 9 + 5?
12
In base 7, what is 110 - -2?
112
In base 8, what is -55 - -3?
-52
In base 6, what is -5 + -311?
-320
In base 6, what is -3 + -11340?
-11343
In base 11, what is 4 + 97?
a0
In base 3, what is 0 - -12210002?
12210002
In base 2, what is -11101100011 - -1010?
-11101011001
In base 7, what is 3 + 4115?
4121
In base 2, what is 100111 + 11?
101010
In base 15, what is -31 + 0?
-31
In base 9, what is 105 + -5?
100
In base 10, what is -3 + -1253?
-1256
In base 13, what is 0 - 513?
-513
In base 10, what is -4 + -1126?
-1130
In base 11, what is 5 - 26?
-21
In base 7, what is -353 + 3?
-350
In base 9, what is -77 - -4?
-73
In base 9, what is -4 - 154?
-158
In base 12, what is -4 + 20?
18
In base 12, what is 86 + 3?
89
In base 4, what is -1230013 + -11?
-1230030
In base 4, what is 2 + -13033?
-13031
In base 12, what is 45 + -6?
3b
In base 5, what is 12002 - 12?
11440
In base 9, what is 4 + 183?
187
In base 5, what is -2 - 4400?
-4402
In base 14, what is -3 + -467?
-46a
In base 12, what is 10 - -14b?
15b
In base 6, what is -3350 + 4?
-3342
In base 5, what is 3114 - 2?
3112
In base 12, what is -138 + -2?
-13a
In base 8, what is -62 - -3?
-57
In base 14, what is 3a - 0?
3a
In base 10, what is -33 - -2?
-31
In base 11, what is -1262 + -5?
-1267
In base 16, what is 0 - 4de?
-4de
In base 14, what is -1d63 + 2?
-1d61
In base 8, what is -1554 - 2?
-1556
In base 10, what is 1 + -1?
0
In base 7, what is 3 - 31?
-25
In base 14, what is -15 + -3a?
-51
In base 8, what is 0 - 2050?
-2050
In base 5, what is 4 - 113011?
-113002
In base 13, what is 42b + 12?
440
In base 6, what is 502 - -153?
1055
In base 4, what is 12301 + 0?
12301
In base 7, what is 2 - -15202?
15204
In base 11, what is -2 - 85?
-87
In base 3, what is 12 + 10012?
10101
In base 2, what is 10 + -1001110?
-1001100
In base 14, what is 18 - 2c?
-14
In base 10, what is -7 - -74?
67
In base 7, what is -4 - -3565?
3561
In base 8, what is -71304 + -3?
-71307
In base 10, what is -3 + 3829?
3826
In base 6, what is -11 - -113?
102
In base 4, what is -213 + -120?
-333
In base 5, what is -3 + -44?
-102
In base 5, what is 210 - -4?
214
In base 2, what is -101 - -1110100101111?
1110100101010
In base 14, what is -187 - 4?
-18b
In base 5, what is -1204 + 3?
-1201
In base 4, what is 11 + -102?
-31
In base 14, what is 7 + 4b9?
4c2
In base 8, what is 3 + 622?
625
In base 16, what is -3 + -8d6?
-8d9
In base 9, what is 6 + -11?
-4
In base 15, what is -186 - 0?
-186
In base 14, what is 1 - 21a?
-219
In base 9, what is 1178 - -4?
1183
In base 9, what is -43 - -83?
40
In base 10, what is 17898 + 5?
17903
In base 6, what is 5 - 51443?
-51434
In base 3, what is 11 - -100102?
100120
In base 3, what is 1210 + 22?
2002
In base 8, what is 1 - 70?
-67
In base 2, what is -110 + -100010?
-101000
In base 10, what is 424 - -4?
428
In base 14, what is a0 - 18?
86
In base 10, what is 4 - -256?
260
In base 9, what is 104 - 0?
104
In base 14, what is -3b + b?
-30
In base 16, what is -1 + -51?
-52
In base 6, what is -5 - 232?
-241
In base 14, what is 48 - -c?
56
In base 9, what is 867 - 0?
867
In base 8, what is -1132 - 3?
-1135
In base 13, what is 19 + -155?
-139
In base 14, what is 3 + -da9?
-da6
In base 5, what is -442 - 4?
-1001
In base 11, what is -287 + -3?
-28a
In base 13, what is 17 - 14?
3
In base 8, what is -1624 - -3?
-1621
In base 3, what is 2 - -22102101?
22102110
In base 7, what is -241 - -1?
-240
In base 11, what is -225 - -3?
-222
In base 12, what is -600 - -2?
-5ba
In base 13, what is a5b + -2?
a59
In base 4, what is 22 - -13?
101
In base 4, what is -2110112 - -1?
-2110111
In base 6, what is 4301 + -5?
4252
In base 13, what is -30 + -11?
-41
In base 14, what is -406 + 2?
-404
In base 11, what is 327 + 2?
329
In base 2, what i